{"id":3018,"date":"2025-10-28T16:42:40","date_gmt":"2025-10-28T15:42:40","guid":{"rendered":"https:\/\/www.dronyx.cz\/?page_id=3018"},"modified":"2025-11-03T14:40:35","modified_gmt":"2025-11-03T13:40:35","slug":"dronyx-poptavka","status":"publish","type":"page","link":"https:\/\/www.dronyx.cz\/english\/dronyx-poptavka\/","title":{"rendered":"DRONYX \u2013 popt\u00e1vka partnerstv\u00ed"},"content":{"rendered":"\t\t<div data-elementor-type=\"wp-page\" data-elementor-id=\"3018\" class=\"elementor elementor-3018\" data-elementor-post-type=\"page\">\n\t\t\t\t<div class=\"elementor-element elementor-element-732d6a4b e-con-full e-flex e-con e-parent\" data-id=\"732d6a4b\" data-element_type=\"container\" data-e-type=\"container\" data-settings=\"{&quot;background_background&quot;:&quot;classic&quot;}\">\n\t\t<div class=\"elementor-element elementor-element-287cf027 e-flex e-con-boxed e-con e-child\" data-id=\"287cf027\" data-element_type=\"container\" data-e-type=\"container\">\n\t\t\t\t\t<div class=\"e-con-inner\">\n\t\t<div class=\"elementor-element elementor-element-55145948 e-con-full e-flex e-con e-child\" data-id=\"55145948\" data-element_type=\"container\" data-e-type=\"container\">\n\t\t<div class=\"elementor-element elementor-element-7c391d77 e-con-full e-flex e-con e-child\" data-id=\"7c391d77\" data-element_type=\"container\" data-e-type=\"container\">\n\t\t<div class=\"elementor-element elementor-element-793eb9af e-con-full e-flex e-con e-child\" data-id=\"793eb9af\" data-element_type=\"container\" data-e-type=\"container\">\n\t\t<div class=\"elementor-element elementor-element-e42eb11 e-con-full e-flex e-con e-child\" data-id=\"e42eb11\" data-element_type=\"container\" data-e-type=\"container\">\n\t\t\t\t<div class=\"elementor-element elementor-element-a0ed224 elementor-widget elementor-widget-heading\" data-id=\"a0ed224\" data-element_type=\"widget\" data-e-type=\"widget\" data-widget_type=\"heading.default\">\n\t\t\t\t<div class=\"elementor-widget-container\">\n\t\t\t\t\t<h2 class=\"elementor-heading-title elementor-size-default\">Bu\u010fte partnery konference DRONYX!<\/h2>\t\t\t\t<\/div>\n\t\t\t\t<\/div>\n\t\t\t\t<div class=\"elementor-element elementor-element-5add6d2 elementor-widget elementor-widget-heading\" data-id=\"5add6d2\" data-element_type=\"widget\" data-e-type=\"widget\" data-widget_type=\"heading.default\">\n\t\t\t\t<div class=\"elementor-widget-container\">\n\t\t\t\t\t<h2 class=\"elementor-heading-title elementor-size-default\">Dod\u00e1v\u00e1te komponenty, technologie nebo slu\u017eby, kter\u00e9 oslovuj\u00ed tak\u00e9 v\u00fdvoj\u00e1\u0159e a v\u00fdrobce dronov\u00fdch nebo antidronov\u00fdch syst\u00e9m\u016f?<br><br>Potom pro v\u00e1s odborn\u00e1 konference DronyX s doprovodnou v\u00fdstavou na veletrhu AMPER 2026 v Brn\u011b p\u0159edstavuj\u00ed v\u00fdjime\u010dnou \u0161anci uk\u00e1zat se a z\u00edskat nov\u00e9 obchodn\u00ed p\u0159ile\u017eitosti.<br><br>R\u00e1di v\u00e1s sezn\u00e1m\u00edme s mo\u017enostmi va\u0161\u00ed prezentace. <br>Vypl\u0148te formul\u00e1\u0159 n\u00ed\u017ee \u2013 budeme v\u00e1s kontaktovat.\n<\/h2>\t\t\t\t<\/div>\n\t\t\t\t<\/div>\n\t\t\t\t<div class=\"elementor-element elementor-element-f752297 elementor-button-align-stretch elementor-widget elementor-widget-form\" data-id=\"f752297\" data-element_type=\"widget\" data-e-type=\"widget\" data-settings=\"{&quot;step_next_label&quot;:&quot;Next&quot;,&quot;step_previous_label&quot;:&quot;Previous&quot;,&quot;button_width&quot;:&quot;100&quot;,&quot;step_type&quot;:&quot;number_text&quot;,&quot;step_icon_shape&quot;:&quot;circle&quot;}\" data-widget_type=\"form.default\">\n\t\t\t\t<div class=\"elementor-widget-container\">\n\t\t\t\t\t\t\t<form class=\"elementor-form\" method=\"post\" name=\"Kontaktn\u00ed formul\u00e1\u0159\">\n\t\t\t<input type=\"hidden\" name=\"post_id\" value=\"3018\"\/>\n\t\t\t<input type=\"hidden\" name=\"form_id\" value=\"f752297\"\/>\n\t\t\t<input type=\"hidden\" name=\"referer_title\" value=\"\" \/>\n\n\t\t\t\n\t\t\t<div class=\"elementor-form-fields-wrapper elementor-labels-above\">\n\t\t\t\t\t\t\t\t<div class=\"elementor-field-type-text elementor-field-group elementor-column elementor-field-group-name elementor-col-50 elementor-field-required\">\n\t\t\t\t\t\t\t\t\t\t\t\t<label for=\"form-field-name\" class=\"elementor-field-label\">\n\t\t\t\t\t\t\t\tVa\u0161e jm\u00e9no*\t\t\t\t\t\t\t<\/label>\n\t\t\t\t\t\t\t\t\t\t\t\t\t\t<input size=\"1\" type=\"text\" name=\"form_fields[name]\" id=\"form-field-name\" class=\"elementor-field elementor-size-sm  elementor-field-textual\" required=\"required\">\n\t\t\t\t\t\t\t\t\t\t\t<\/div>\n\t\t\t\t\t\t\t\t<div class=\"elementor-field-type-text elementor-field-group elementor-column elementor-field-group-field_a044c07 elementor-col-50 elementor-field-required\">\n\t\t\t\t\t\t\t\t\t\t\t\t<label for=\"form-field-field_a044c07\" class=\"elementor-field-label\">\n\t\t\t\t\t\t\t\tSpole\u010dnost*\t\t\t\t\t\t\t<\/label>\n\t\t\t\t\t\t\t\t\t\t\t\t\t\t<input size=\"1\" type=\"text\" name=\"form_fields[field_a044c07]\" id=\"form-field-field_a044c07\" class=\"elementor-field elementor-size-sm  elementor-field-textual\" required=\"required\">\n\t\t\t\t\t\t\t\t\t\t\t<\/div>\n\t\t\t\t\t\t\t\t<div class=\"elementor-field-type-email elementor-field-group elementor-column elementor-field-group-email elementor-col-50 elementor-field-required\">\n\t\t\t\t\t\t\t\t\t\t\t\t<label for=\"form-field-email\" class=\"elementor-field-label\">\n\t\t\t\t\t\t\t\tE-mail*\t\t\t\t\t\t\t<\/label>\n\t\t\t\t\t\t\t\t\t\t\t\t\t\t<input size=\"1\" type=\"email\" name=\"form_fields[email]\" id=\"form-field-email\" class=\"elementor-field elementor-size-sm  elementor-field-textual\" required=\"required\">\n\t\t\t\t\t\t\t\t\t\t\t<\/div>\n\t\t\t\t\t\t\t\t<div class=\"elementor-field-type-text elementor-field-group elementor-column elementor-field-group-field_b14e4c0 elementor-col-50 elementor-field-required\">\n\t\t\t\t\t\t\t\t\t\t\t\t<label for=\"form-field-field_b14e4c0\" class=\"elementor-field-label\">\n\t\t\t\t\t\t\t\tTelefon*\t\t\t\t\t\t\t<\/label>\n\t\t\t\t\t\t\t\t\t\t\t\t\t\t<input size=\"1\" type=\"text\" name=\"form_fields[field_b14e4c0]\" id=\"form-field-field_b14e4c0\" class=\"elementor-field elementor-size-sm  elementor-field-textual\" required=\"required\">\n\t\t\t\t\t\t\t\t\t\t\t<\/div>\n\t\t\t\t\t\t\t\t<div class=\"elementor-field-type-text\">\n\t\t\t\t\t<input size=\"1\" type=\"text\" name=\"form_fields[field_bd9a0a8]\" id=\"form-field-field_bd9a0a8\" class=\"elementor-field elementor-size-sm \" style=\"display:none !important;\">\t\t\t\t<\/div>\n\t\t\t\t\t\t\t\t<div class=\"elementor-field-type-checkbox elementor-field-group elementor-column elementor-field-group-field_956838c elementor-col-100\">\n\t\t\t\t\t\t\t\t\t\t\t\t<label for=\"form-field-field_956838c\" class=\"elementor-field-label\">\n\t\t\t\t\t\t\t\tO jakou formu prezentace m\u00e1te z\u00e1jem? M\u016f\u017eete zatrhnout v\u00edce mo\u017enost\u00ed:\t\t\t\t\t\t\t<\/label>\n\t\t\t\t\t\t<div class=\"elementor-field-subgroup  \"><span class=\"elementor-field-option\"><input type=\"checkbox\" value=\"gener\u00e1ln\u00ed partner s keynote p\u0159edn\u00e1\u0161kou v zahajovac\u00edm bloku\" id=\"form-field-field_956838c-0\" name=\"form_fields[field_956838c][]\"> <label for=\"form-field-field_956838c-0\">gener\u00e1ln\u00ed partner s keynote p\u0159edn\u00e1\u0161kou v zahajovac\u00edm bloku<\/label><\/span><span class=\"elementor-field-option\"><input type=\"checkbox\" value=\"partner s odbornou p\u0159edn\u00e1\u0161kou\" id=\"form-field-field_956838c-1\" name=\"form_fields[field_956838c][]\"> <label for=\"form-field-field_956838c-1\">partner s odbornou p\u0159edn\u00e1\u0161kou<\/label><\/span><span class=\"elementor-field-option\"><input type=\"checkbox\" value=\"st\u00e1nek v p\u0159eds\u00e1l\u00ed v den konference (18. 3. 2026)\" id=\"form-field-field_956838c-2\" name=\"form_fields[field_956838c][]\"> <label for=\"form-field-field_956838c-2\">st\u00e1nek v p\u0159eds\u00e1l\u00ed v den konference (18. 3. 2026)<\/label><\/span><span class=\"elementor-field-option\"><input type=\"checkbox\" value=\"st\u00e1nek na veletrhu v sekci dronov\u00fdch technologi\u00ed (17.\u201319. 3. 2026)\" id=\"form-field-field_956838c-3\" name=\"form_fields[field_956838c][]\"> <label for=\"form-field-field_956838c-3\">st\u00e1nek na veletrhu v sekci dronov\u00fdch technologi\u00ed (17.\u201319. 3. 2026)<\/label><\/span><\/div>\t\t\t\t<\/div>\n\t\t\t\t\t\t\t\t<div class=\"elementor-field-group elementor-column elementor-field-type-submit elementor-col-100 e-form__buttons\">\n\t\t\t\t\t<button class=\"elementor-button elementor-size-sm\" type=\"submit\">\n\t\t\t\t\t\t<span class=\"elementor-button-content-wrapper\">\n\t\t\t\t\t\t\t\t\t\t\t\t\t\t\t\t\t\t\t\t\t\t<span class=\"elementor-button-text\">Odeslat nez\u00e1vaznou popt\u00e1vku<\/span>\n\t\t\t\t\t\t\t\t\t\t\t\t\t<\/span>\n\t\t\t\t\t<\/button>\n\t\t\t\t<\/div>\n\t\t\t<\/div>\n\t\t<\/form>\n\t\t\t\t\t\t<\/div>\n\t\t\t\t<\/div>\n\t\t\t\t<div class=\"elementor-element elementor-element-ef28eed elementor-hidden-desktop elementor-hidden-tablet elementor-hidden-mobile elementor-widget elementor-widget-text-editor\" data-id=\"ef28eed\" data-element_type=\"widget\" data-e-type=\"widget\" data-widget_type=\"text-editor.default\">\n\t\t\t\t<div class=\"elementor-widget-container\">\n\t\t\t\t\t\t\t\t\t<p>Kliknut\u00edm na tla\u010d\u00edtko Odeslat vyjad\u0159ujete souhlas se zpracov\u00e1n\u00edm v\u00e1mi poskytnut\u00fdch osobn\u00edch \u00fadaj\u016f\u00a0 po\u0159adatelem konference dle platn\u00e9 legislativy a souhlas\u00edte s t\u00edm, \u017ee v\u00e1s m\u016f\u017eeme prost\u0159ednictv\u00edm uveden\u00e9ho e-mailu a telefonu kontaktovat.<\/p>\t\t\t\t\t\t\t\t<\/div>\n\t\t\t\t<\/div>\n\t\t\t\t<\/div>\n\t\t\t\t<\/div>\n\t\t\t\t<\/div>\n\t\t\t\t<\/div>\n\t\t\t\t\t<\/div>\n\t\t\t\t<\/div>\n\t\t\t\t<\/div>\n\t\t\t\t<\/div>\n\t\t","protected":false},"excerpt":{"rendered":"<p>Bu\u010fte partnery konference DRONYX! Dod\u00e1v\u00e1te komponenty, technologie nebo slu\u017eby, kter\u00e9 oslovuj\u00ed tak\u00e9 v\u00fdvoj\u00e1\u0159e a v\u00fdrobce dronov\u00fdch nebo antidronov\u00fdch syst\u00e9m\u016f? Potom pro v\u00e1s odborn\u00e1 konference DronyX s doprovodnou v\u00fdstavou na veletrhu AMPER 2026 v Brn\u011b p\u0159edstavuj\u00ed v\u00fdjime\u010dnou \u0161anci uk\u00e1zat se a z\u00edskat nov\u00e9 obchodn\u00ed p\u0159ile\u017eitosti. R\u00e1di v\u00e1s sezn\u00e1m\u00edme s mo\u017enostmi va\u0161\u00ed prezentace. Vypl\u0148te formul\u00e1\u0159 n\u00ed\u017ee \u2013 [&hellip;]<\/p>\n","protected":false},"author":2,"featured_media":0,"parent":0,"menu_order":0,"comment_status":"closed","ping_status":"closed","template":"","meta":{"footnotes":""},"class_list":["post-3018","page","type-page","status-publish","hentry"],"_links":{"self":[{"href":"https:\/\/www.dronyx.cz\/english\/wp-json\/wp\/v2\/pages\/3018","targetHints":{"allow":["GET"]}}],"collection":[{"href":"https:\/\/www.dronyx.cz\/english\/wp-json\/wp\/v2\/pages"}],"about":[{"href":"https:\/\/www.dronyx.cz\/english\/wp-json\/wp\/v2\/types\/page"}],"author":[{"embeddable":true,"href":"https:\/\/www.dronyx.cz\/english\/wp-json\/wp\/v2\/users\/2"}],"replies":[{"embeddable":true,"href":"https:\/\/www.dronyx.cz\/english\/wp-json\/wp\/v2\/comments?post=3018"}],"version-history":[{"count":10,"href":"https:\/\/www.dronyx.cz\/english\/wp-json\/wp\/v2\/pages\/3018\/revisions"}],"predecessor-version":[{"id":3036,"href":"https:\/\/www.dronyx.cz\/english\/wp-json\/wp\/v2\/pages\/3018\/revisions\/3036"}],"wp:attachment":[{"href":"https:\/\/www.dronyx.cz\/english\/wp-json\/wp\/v2\/media?parent=3018"}],"curies":[{"name":"wp","href":"https:\/\/api.w.org\/{rel}","templated":true}]}}